{"id":189,"date":"2024-03-25T07:42:03","date_gmt":"2024-03-25T06:42:03","guid":{"rendered":"https:\/\/geoplan.pl\/?page_id=189"},"modified":"2024-03-25T09:06:38","modified_gmt":"2024-03-25T08:06:38","slug":"geodeta-geodezja-inowroclaw","status":"publish","type":"page","link":"https:\/\/geoplan.pl\/index.php\/geodeta-geodezja-inowroclaw\/","title":{"rendered":"Geodeta, geodezja Inowroc\u0142aw"},"content":{"rendered":"\n<p>Geoplan to firma, kt\u00f3ra \u015bwiadczy wysokiej jako\u015bci us\u0142ugi geodezyjne. Inowroc\u0142aw to jeden z obszar\u00f3w, w kt\u00f3rych podejmujemy si\u0119 wsp\u00f3\u0142pracy zar\u00f3wno z klientami indywidualnymi, jak i przedsi\u0119biorstwami czy inwestorami. Dbamy o najwy\u017csz\u0105 jako\u015b\u0107 us\u0142ug oraz precyzyjne pomiary, co umo\u017cliwia nam korzystanie z nowoczesnych urz\u0105dze\u0144. Stale dbamy o nasz rozw\u00f3j, tak aby oferowa\u0107 klientom mo\u017cliwie najszerszy zakres us\u0142ug. Zapraszamy do zapoznania si\u0119 ze szczeg\u00f3\u0142ami oferty geodety w Inowroc\u0142awiu.<\/p>\n\n\n\n<h2 class=\"wp-block-heading\"><br>Geodezja &#8211; Inowroc\u0142aw<\/h2>\n\n\n\n<p><br>Geodeta to osoba niezb\u0119dna ju\u017c na pocz\u0105tkowych etapach planowania inwestycji. Ma to miejsce zar\u00f3wno w przypadku budowy domu, most\u00f3w, infrastruktury drogowej, jak i budynk\u00f3w wielkopowierzchniowych czy osiedli mieszkaniowych. Wsp\u00f3\u0142pracujemy z klientami indywidualnymi, planuj\u0105cymi budow\u0119 domu lub zagospodarowanie dzia\u0142ki, ale r\u00f3wnie\u017c z przedsi\u0119biorcami, takimi jak firmy budowlane, deweloperzy, biura projektowe czy inwestorzy potrzebuj\u0105cy us\u0142ug geodezyjnych. Inowroc\u0142aw nie jest tutaj wyj\u0105tkiem, r\u00f3wnie\u017c w tym mie\u015bcie ju\u017c na etapie planowania inwestycji niezb\u0119dne jest skorzystanie z us\u0142ug geodety, kt\u00f3ry przygotuje teren do dalszych prac budowlanych. Warto pami\u0119ta\u0107, \u017ce w\u0142a\u015bciwe opracowanie terenu ju\u017c na etapie planowania jest niezb\u0119dne, aby na samym ko\u0144cu inwestycji otrzyma\u0107 pozwolenie na u\u017cytkowania budynku od w\u0142a\u015bciwych organ\u00f3w nadzoru.<\/p>\n\n\n\n<p>Nasza firma \u015bwiadczy pe\u0142en zakres us\u0142ug geodezyjnych, zaczynaj\u0105c od sprawdzenia stanu prawnego nieruchomo\u015bci, po oznaczenie znak\u00f3w granicznych dzia\u0142ki. Zajmujemy si\u0119 profesjonalnym tyczeniem budynku oraz przy\u0142\u0105czy, a tak\u017ce wykonujemy dok\u0142adne pomiary dzia\u0142ki w celu stworzenia mapy MDCP, kt\u00f3ra b\u0119dzie p\u00f3\u017aniej podstaw\u0105 dalszych plan\u00f3w budowlanych. Podejmujemy si\u0119 r\u00f3wnie\u017c dzia\u0142a\u0144 na trudniejszym terenie &#8211; pomiary zbiornik\u00f3w wodnych, rzek, przewod\u00f3w elektrycznych, s\u0142up\u00f3w, maszt\u00f3w, a tak\u017ce mas ziemnych. \u015awiadczymy kompleksowe us\u0142ugi dla os\u00f3b potrzebuj\u0105cych kompleksowego wsparcia geodety w Inowroc\u0142awiu, niezale\u017cnie od tego, czy zlecone nam zadanie wymaga wi\u0119kszego nak\u0142adu pracy oraz trudniejszych technik. Wszelkie szczeg\u00f3\u0142y dotycz\u0105ce wsp\u00f3\u0142pracy ustalane s\u0105 zawsze indywidualnie z klientem, bior\u0105c pod uwag\u0119 jego potrzeby, oczekiwania oraz termin wykonania prac.<\/p>\n\n\n\n<h2 class=\"wp-block-heading\"><br>Geoplan &#8211; geodeta Inowroc\u0142aw<\/h2>\n\n\n\n<p><br>Nasza firma Geoplan to do\u015bwiadczony partner w dzia\u0142aniach geodezyjnych w Inowroc\u0142awiu. Mo\u017cemy pochwali\u0107 si\u0119 licznymi wsp\u00f3\u0142pracami zar\u00f3wno z klientami indywidualnymi, jak i firmami. Przyk\u0142adamy du\u017c\u0105 wag\u0119 do dok\u0142adno\u015bci wykonywanej przez nas pracy, tak aby zapewni\u0107 klientom najwy\u017cszy poziom us\u0142ug geodezji w Inowroc\u0142awiu, niezale\u017cnie od opracowywanego terenu. W codziennej pracy korzystamy z nowoczesnych narz\u0119dzi oraz urz\u0105dze\u0144, dzi\u0119ki czemu osi\u0105gamy dok\u0142adne oraz precyzyjne pomiary nawet w trudnym terenie. Zapewniamy r\u00f3wnie\u017c doradztwo oraz s\u0142u\u017cymy wsparciem na ka\u017cdym etapie planowanej inwestycji. Zapraszamy do kontaktu &#8211; odpowiemy na wszystkie pytania dotycz\u0105ce wsp\u00f3\u0142pracy.<\/p>\n","protected":false},"excerpt":{"rendered":"<p>Geoplan to firma, kt\u00f3ra \u015bwiadczy wysokiej jako\u015bci us\u0142ugi geodezyjne. Inowroc\u0142aw to jeden z obszar\u00f3w, w kt\u00f3rych podejmujemy si\u0119 wsp\u00f3\u0142pracy zar\u00f3wno z klientami indywidualnymi, jak i przedsi\u0119biorstwami czy inwestorami. Dbamy o najwy\u017csz\u0105 jako\u015b\u0107 us\u0142ug oraz precyzyjne pomiary, co umo\u017cliwia nam korzystanie z nowoczesnych urz\u0105dze\u0144. Stale dbamy o nasz rozw\u00f3j, tak aby oferowa\u0107 klientom mo\u017cliwie najszerszy zakres &hellip; <a href=\"https:\/\/geoplan.pl\/index.php\/geodeta-geodezja-inowroclaw\/\" class=\"more-link\">Czytaj dalej<span class=\"screen-reader-text\"> \u201eGeodeta, geodezja Inowroc\u0142aw\u201d<\/span><\/a><\/p>\n","protected":false},"author":1,"featured_media":190,"parent":0,"menu_order":0,"comment_status":"closed","ping_status":"closed","template":"","meta":{"footnotes":""},"yoast_head":"<!-- This site is optimized with the Yoast SEO plugin v22.2 - https:\/\/yoast.com\/wordpress\/plugins\/seo\/ -->\n<title>Geodeta, Geodezja Inowroc\u0142aw | geoplan.pl<\/title>\n<meta name=\"robots\" content=\"index, follow, max-snippet:-1, max-image-preview:large, max-video-preview:-1\" \/>\n<link rel=\"canonical\" href=\"https:\/\/geoplan.pl\/index.php\/geodeta-geodezja-inowroclaw\/\" \/>\n<meta property=\"og:locale\" content=\"pl_PL\" \/>\n<meta property=\"og:type\" content=\"article\" \/>\n<meta property=\"og:title\" content=\"Geodeta, Geodezja Inowroc\u0142aw | geoplan.pl\" \/>\n<meta property=\"og:description\" content=\"Geoplan to firma, kt\u00f3ra \u015bwiadczy wysokiej jako\u015bci us\u0142ugi geodezyjne. Inowroc\u0142aw to jeden z obszar\u00f3w, w kt\u00f3rych podejmujemy si\u0119 wsp\u00f3\u0142pracy zar\u00f3wno z klientami indywidualnymi, jak i przedsi\u0119biorstwami czy inwestorami. Dbamy o najwy\u017csz\u0105 jako\u015b\u0107 us\u0142ug oraz precyzyjne pomiary, co umo\u017cliwia nam korzystanie z nowoczesnych urz\u0105dze\u0144. Stale dbamy o nasz rozw\u00f3j, tak aby oferowa\u0107 klientom mo\u017cliwie najszerszy zakres &hellip; Czytaj dalej \u201eGeodeta, geodezja Inowroc\u0142aw\u201d\" \/>\n<meta property=\"og:url\" content=\"https:\/\/geoplan.pl\/index.php\/geodeta-geodezja-inowroclaw\/\" \/>\n<meta property=\"article:modified_time\" content=\"2024-03-25T08:06:38+00:00\" \/>\n<meta property=\"og:image\" content=\"https:\/\/geoplan.pl\/wp-content\/uploads\/2032.jpg\" \/>\n\t<meta property=\"og:image:width\" content=\"1500\" \/>\n\t<meta property=\"og:image:height\" content=\"1000\" \/>\n\t<meta property=\"og:image:type\" content=\"image\/jpeg\" \/>\n<meta name=\"twitter:card\" content=\"summary_large_image\" \/>\n<meta name=\"twitter:label1\" content=\"Szacowany czas czytania\" \/>\n\t<meta name=\"twitter:data1\" content=\"3 minuty\" \/>\n<script type=\"application\/ld+json\" class=\"yoast-schema-graph\">{\"@context\":\"https:\/\/schema.org\",\"@graph\":[{\"@type\":\"WebPage\",\"@id\":\"https:\/\/geoplan.pl\/index.php\/geodeta-geodezja-inowroclaw\/\",\"url\":\"https:\/\/geoplan.pl\/index.php\/geodeta-geodezja-inowroclaw\/\",\"name\":\"Geodeta, Geodezja Inowroc\u0142aw | geoplan.pl\",\"isPartOf\":{\"@id\":\"https:\/\/geoplan.pl\/#website\"},\"primaryImageOfPage\":{\"@id\":\"https:\/\/geoplan.pl\/index.php\/geodeta-geodezja-inowroclaw\/#primaryimage\"},\"image\":{\"@id\":\"https:\/\/geoplan.pl\/index.php\/geodeta-geodezja-inowroclaw\/#primaryimage\"},\"thumbnailUrl\":\"https:\/\/geoplan.pl\/wp-content\/uploads\/2032.jpg\",\"datePublished\":\"2024-03-25T06:42:03+00:00\",\"dateModified\":\"2024-03-25T08:06:38+00:00\",\"breadcrumb\":{\"@id\":\"https:\/\/geoplan.pl\/index.php\/geodeta-geodezja-inowroclaw\/#breadcrumb\"},\"inLanguage\":\"pl-PL\",\"potentialAction\":[{\"@type\":\"ReadAction\",\"target\":[\"https:\/\/geoplan.pl\/index.php\/geodeta-geodezja-inowroclaw\/\"]}]},{\"@type\":\"ImageObject\",\"inLanguage\":\"pl-PL\",\"@id\":\"https:\/\/geoplan.pl\/index.php\/geodeta-geodezja-inowroclaw\/#primaryimage\",\"url\":\"https:\/\/geoplan.pl\/wp-content\/uploads\/2032.jpg\",\"contentUrl\":\"https:\/\/geoplan.pl\/wp-content\/uploads\/2032.jpg\",\"width\":1500,\"height\":1000},{\"@type\":\"BreadcrumbList\",\"@id\":\"https:\/\/geoplan.pl\/index.php\/geodeta-geodezja-inowroclaw\/#breadcrumb\",\"itemListElement\":[{\"@type\":\"ListItem\",\"position\":1,\"name\":\"Strona g\u0142\u00f3wna\",\"item\":\"https:\/\/geoplan.pl\/\"},{\"@type\":\"ListItem\",\"position\":2,\"name\":\"Geodeta, geodezja Inowroc\u0142aw\"}]},{\"@type\":\"WebSite\",\"@id\":\"https:\/\/geoplan.pl\/#website\",\"url\":\"https:\/\/geoplan.pl\/\",\"name\":\"\",\"description\":\"US\u0141UGI GEODEZYJNE S.C. Tomasz Kowalewski Piotr \u0106wikli\u0144ski\",\"potentialAction\":[{\"@type\":\"SearchAction\",\"target\":{\"@type\":\"EntryPoint\",\"urlTemplate\":\"https:\/\/geoplan.pl\/?s={search_term_string}\"},\"query-input\":\"required name=search_term_string\"}],\"inLanguage\":\"pl-PL\"}]}<\/script>\n<!-- \/ Yoast SEO plugin. -->","yoast_head_json":{"title":"Geodeta, Geodezja Inowroc\u0142aw | geoplan.pl","robots":{"index":"index","follow":"follow","max-snippet":"max-snippet:-1","max-image-preview":"max-image-preview:large","max-video-preview":"max-video-preview:-1"},"canonical":"https:\/\/geoplan.pl\/index.php\/geodeta-geodezja-inowroclaw\/","og_locale":"pl_PL","og_type":"article","og_title":"Geodeta, Geodezja Inowroc\u0142aw | geoplan.pl","og_description":"Geoplan to firma, kt\u00f3ra \u015bwiadczy wysokiej jako\u015bci us\u0142ugi geodezyjne. Inowroc\u0142aw to jeden z obszar\u00f3w, w kt\u00f3rych podejmujemy si\u0119 wsp\u00f3\u0142pracy zar\u00f3wno z klientami indywidualnymi, jak i przedsi\u0119biorstwami czy inwestorami. Dbamy o najwy\u017csz\u0105 jako\u015b\u0107 us\u0142ug oraz precyzyjne pomiary, co umo\u017cliwia nam korzystanie z nowoczesnych urz\u0105dze\u0144. Stale dbamy o nasz rozw\u00f3j, tak aby oferowa\u0107 klientom mo\u017cliwie najszerszy zakres &hellip; Czytaj dalej \u201eGeodeta, geodezja Inowroc\u0142aw\u201d","og_url":"https:\/\/geoplan.pl\/index.php\/geodeta-geodezja-inowroclaw\/","article_modified_time":"2024-03-25T08:06:38+00:00","og_image":[{"width":1500,"height":1000,"url":"https:\/\/geoplan.pl\/wp-content\/uploads\/2032.jpg","type":"image\/jpeg"}],"twitter_card":"summary_large_image","twitter_misc":{"Szacowany czas czytania":"3 minuty"},"schema":{"@context":"https:\/\/schema.org","@graph":[{"@type":"WebPage","@id":"https:\/\/geoplan.pl\/index.php\/geodeta-geodezja-inowroclaw\/","url":"https:\/\/geoplan.pl\/index.php\/geodeta-geodezja-inowroclaw\/","name":"Geodeta, Geodezja Inowroc\u0142aw | geoplan.pl","isPartOf":{"@id":"https:\/\/geoplan.pl\/#website"},"primaryImageOfPage":{"@id":"https:\/\/geoplan.pl\/index.php\/geodeta-geodezja-inowroclaw\/#primaryimage"},"image":{"@id":"https:\/\/geoplan.pl\/index.php\/geodeta-geodezja-inowroclaw\/#primaryimage"},"thumbnailUrl":"https:\/\/geoplan.pl\/wp-content\/uploads\/2032.jpg","datePublished":"2024-03-25T06:42:03+00:00","dateModified":"2024-03-25T08:06:38+00:00","breadcrumb":{"@id":"https:\/\/geoplan.pl\/index.php\/geodeta-geodezja-inowroclaw\/#breadcrumb"},"inLanguage":"pl-PL","potentialAction":[{"@type":"ReadAction","target":["https:\/\/geoplan.pl\/index.php\/geodeta-geodezja-inowroclaw\/"]}]},{"@type":"ImageObject","inLanguage":"pl-PL","@id":"https:\/\/geoplan.pl\/index.php\/geodeta-geodezja-inowroclaw\/#primaryimage","url":"https:\/\/geoplan.pl\/wp-content\/uploads\/2032.jpg","contentUrl":"https:\/\/geoplan.pl\/wp-content\/uploads\/2032.jpg","width":1500,"height":1000},{"@type":"BreadcrumbList","@id":"https:\/\/geoplan.pl\/index.php\/geodeta-geodezja-inowroclaw\/#breadcrumb","itemListElement":[{"@type":"ListItem","position":1,"name":"Strona g\u0142\u00f3wna","item":"https:\/\/geoplan.pl\/"},{"@type":"ListItem","position":2,"name":"Geodeta, geodezja Inowroc\u0142aw"}]},{"@type":"WebSite","@id":"https:\/\/geoplan.pl\/#website","url":"https:\/\/geoplan.pl\/","name":"","description":"US\u0141UGI GEODEZYJNE S.C. Tomasz Kowalewski Piotr \u0106wikli\u0144ski","potentialAction":[{"@type":"SearchAction","target":{"@type":"EntryPoint","urlTemplate":"https:\/\/geoplan.pl\/?s={search_term_string}"},"query-input":"required name=search_term_string"}],"inLanguage":"pl-PL"}]}},"_links":{"self":[{"href":"https:\/\/geoplan.pl\/index.php\/wp-json\/wp\/v2\/pages\/189"}],"collection":[{"href":"https:\/\/geoplan.pl\/index.php\/wp-json\/wp\/v2\/pages"}],"about":[{"href":"https:\/\/geoplan.pl\/index.php\/wp-json\/wp\/v2\/types\/page"}],"author":[{"embeddable":true,"href":"https:\/\/geoplan.pl\/index.php\/wp-json\/wp\/v2\/users\/1"}],"replies":[{"embeddable":true,"href":"https:\/\/geoplan.pl\/index.php\/wp-json\/wp\/v2\/comments?post=189"}],"version-history":[{"count":2,"href":"https:\/\/geoplan.pl\/index.php\/wp-json\/wp\/v2\/pages\/189\/revisions"}],"predecessor-version":[{"id":201,"href":"https:\/\/geoplan.pl\/index.php\/wp-json\/wp\/v2\/pages\/189\/revisions\/201"}],"wp:featuredmedia":[{"embeddable":true,"href":"https:\/\/geoplan.pl\/index.php\/wp-json\/wp\/v2\/media\/190"}],"wp:attachment":[{"href":"https:\/\/geoplan.pl\/index.php\/wp-json\/wp\/v2\/media?parent=189"}],"curies":[{"name":"wp","href":"https:\/\/api.w.org\/{rel}","templated":true}]}}